{"id":3065,"date":"2021-03-10T12:25:05","date_gmt":"2021-03-10T11:25:05","guid":{"rendered":"https:\/\/parkraum.de\/2024\/?page_id=3065"},"modified":"2021-10-12T11:03:39","modified_gmt":"2021-10-12T09:03:39","slug":"digitales-parkraummanagement","status":"publish","type":"page","link":"https:\/\/parkraum.de\/2024\/digitales-parkraummanagement\/","title":{"rendered":"Digitales Parkraummanagement"},"content":{"rendered":"<section class=\"wpb-content-wrapper\">[vc_row thb_full_width=&#8220;true&#8220; content_placement=&#8220;middle&#8220; parallax=&#8220;content-moving&#8220; parallax_image=&#8220;3081&#8243; css=&#8220;.vc_custom_1615377147273{background-position: center;background-repeat: no-repeat !important;background-size: cover !important;}&#8220; el_id=&#8220;start-dpm&#8220;][vc_column][vc_empty_space height=&#8220;15px&#8220;][vc_custom_heading text=&#8220;DIGITALES PARKRAUMMANAGEMENT&#8220; font_container=&#8220;tag:h2|font_size:40px|text_align:center|color:%23ffffff&#8220; google_fonts=&#8220;font_family:Days%20One%3Aregular|font_style:400%20regular%3A400%3Anormal&#8220; el_class=&#8220;shadow&#8220;][vc_custom_heading text=&#8220;MIT OPTISCHER SENSORIK&#8220; font_container=&#8220;tag:h4|text_align:center|color:%23ffffff&#8220; google_fonts=&#8220;font_family:Days%20One%3Aregular|font_style:400%20regular%3A400%3Anormal&#8220; el_class=&#8220;shadow&#8220;][\/vc_column][\/vc_row][vc_row][vc_column][vc_empty_space height=&#8220;30px&#8220;][vc_text_separator title=&#8220;Digitale Kontrolle ohne Parkscheibe&#8220; color=&#8220;blue&#8220; border_width=&#8220;2&#8243; el_class=&#8220;trennline no-bottom&#8220;][vc_custom_heading text=&#8220;Faire Parkplatzkontrolle &amp; Transparenz&#8220; font_container=&#8220;tag:h4|text_align:center|color:%23283c82|line_height:20px&#8220; google_fonts=&#8220;font_family:Days%20One%3Aregular|font_style:400%20regular%3A400%3Anormal&#8220;][vc_empty_space height=&#8220;20px&#8220;][\/vc_column][\/vc_row][vc_section css=&#8220;.vc_custom_1615383646246{margin-right: 3% !important;margin-left: 3% !important;}&#8220;][vc_row][vc_column width=&#8220;1\/2&#8243; el_class=&#8220;flex-dpm&#8220; offset=&#8220;vc_hidden-md vc_hidden-sm vc_hidden-xs&#8220;][vc_column_text]<img loading=\"lazy\" decoding=\"async\" class=\"icon-dpm alignnone wp-image-3115 size-full lazyload\" src=\"data:image\/gif;base64,R0lGODlhAQABAAAAACH5BAEKAAEALAAAAAABAAEAAAICTAEAOw==\" data-src=\"https:\/\/parkraum.de\/2024\/wp-content\/uploads\/2021\/03\/dpm-kennzeichen.png\" alt=\"\" width=\"145\" height=\"65\" \/>Kennzeichenerkennung an Ein- und Ausfahrten: Faire Kontrolle der H\u00f6chstparkdauer<\/p>\n<p><img loading=\"lazy\" decoding=\"async\" class=\"icon-dpm alignnone wp-image-3113 size-full lazyload\" src=\"data:image\/gif;base64,R0lGODlhAQABAAAAACH5BAEKAAEALAAAAAABAAEAAAICTAEAOw==\" data-src=\"https:\/\/parkraum.de\/2024\/wp-content\/uploads\/2021\/03\/dpm-stoppuhr.png\" alt=\"\" width=\"145\" height=\"131\" \/>Einfache Vergabe von Dauer-Parkberechtigungen f\u00fcr Mitarbeiter, Kunden und Lieferanten<\/p>\n<p><img loading=\"lazy\" decoding=\"async\" class=\"icon-dpm alignnone wp-image-3114 size-full lazyload\" src=\"data:image\/gif;base64,R0lGODlhAQABAAAAACH5BAEKAAEALAAAAAABAAEAAAICTAEAOw==\" data-src=\"https:\/\/parkraum.de\/2024\/wp-content\/uploads\/2021\/03\/dpm-parkscheibe.png\" alt=\"\" width=\"145\" height=\"153\" \/>Ohne Parkscheibe und Kn\u00f6llchen: Parks\u00fcnder werden in unserem Namen postalisch kontaktiert<\/p>\n<p><img loading=\"lazy\" decoding=\"async\" class=\"icon-dpm alignnone wp-image-3112 size-full lazyload\" src=\"data:image\/gif;base64,R0lGODlhAQABAAAAACH5BAEKAAEALAAAAAABAAEAAAICTAEAOw==\" data-src=\"https:\/\/parkraum.de\/2024\/wp-content\/uploads\/2021\/03\/dpm-mobile.png\" alt=\"\" width=\"145\" height=\"145\" \/>Wenn gew\u00fcnscht: Integration von Parking-Apps f\u00fcr das digitale Anwohnerparken mit Zusatzums\u00e4tzen<\/p>\n<p><img loading=\"lazy\" decoding=\"async\" class=\"icon-dpm alignnone wp-image-3116 size-full lazyload\" src=\"data:image\/gif;base64,R0lGODlhAQABAAAAACH5BAEKAAEALAAAAAABAAEAAAICTAEAOw==\" data-src=\"https:\/\/parkraum.de\/2024\/wp-content\/uploads\/2021\/03\/dpm-schloss.png\" alt=\"\" width=\"145\" height=\"193\" \/>DSGVO-konform[\/vc_column_text][\/vc_column][vc_column width=&#8220;1\/2&#8243; offset=&#8220;vc_hidden-md vc_hidden-sm vc_hidden-xs&#8220;][vc_single_image image=&#8220;3109&#8243; img_size=&#8220;full&#8220; alignment=&#8220;center&#8220; el_class=&#8220;img-dpm&#8220;][\/vc_column][\/vc_row][vc_row][vc_column offset=&#8220;vc_hidden-lg&#8220;][vc_single_image image=&#8220;3109&#8243; img_size=&#8220;full&#8220; el_class=&#8220;img-dpm&#8220;][vc_column_text]<img loading=\"lazy\" decoding=\"async\" class=\"icon-dpm alignnone wp-image-3115 size-full lazyload\" src=\"data:image\/gif;base64,R0lGODlhAQABAAAAACH5BAEKAAEALAAAAAABAAEAAAICTAEAOw==\" data-src=\"https:\/\/parkraum.de\/2024\/wp-content\/uploads\/2021\/03\/dpm-kennzeichen.png\" alt=\"\" width=\"145\" height=\"65\" \/>Kennzeichenerkennung an Ein- und Ausfahrten: Faire Kontrolle der H\u00f6chstparkdauer<\/p>\n<p><img loading=\"lazy\" decoding=\"async\" class=\"icon-dpm alignnone wp-image-3113 size-full lazyload\" src=\"data:image\/gif;base64,R0lGODlhAQABAAAAACH5BAEKAAEALAAAAAABAAEAAAICTAEAOw==\" data-src=\"https:\/\/parkraum.de\/2024\/wp-content\/uploads\/2021\/03\/dpm-stoppuhr.png\" alt=\"\" width=\"145\" height=\"131\" \/>Einfache Vergabe von Dauer-Parkberechtigungen f\u00fcr Mitarbeiter1 Kunden und Lieferanten<\/p>\n<p><img loading=\"lazy\" decoding=\"async\" class=\"icon-dpm alignnone wp-image-3114 size-full lazyload\" src=\"data:image\/gif;base64,R0lGODlhAQABAAAAACH5BAEKAAEALAAAAAABAAEAAAICTAEAOw==\" data-src=\"https:\/\/parkraum.de\/2024\/wp-content\/uploads\/2021\/03\/dpm-parkscheibe.png\" alt=\"\" width=\"145\" height=\"153\" \/>Ohne Parkscheibe und Kn\u00f6llchen: Parks\u00fcnder werden in unserem Namen postalisch kontaktiert<\/p>\n<p><img loading=\"lazy\" decoding=\"async\" class=\"icon-dpm alignnone wp-image-3112 size-full lazyload\" src=\"data:image\/gif;base64,R0lGODlhAQABAAAAACH5BAEKAAEALAAAAAABAAEAAAICTAEAOw==\" data-src=\"https:\/\/parkraum.de\/2024\/wp-content\/uploads\/2021\/03\/dpm-mobile.png\" alt=\"\" width=\"145\" height=\"145\" \/>Wenn gew\u00fcnscht: Integration von Parking-Apps f\u00fcr das digitale Anwohnerparken mit Zusatzums\u00e4tzen<\/p>\n<p><img loading=\"lazy\" decoding=\"async\" class=\"icon-dpm alignnone wp-image-3116 size-full lazyload\" src=\"data:image\/gif;base64,R0lGODlhAQABAAAAACH5BAEKAAEALAAAAAABAAEAAAICTAEAOw==\" data-src=\"https:\/\/parkraum.de\/2024\/wp-content\/uploads\/2021\/03\/dpm-schloss.png\" alt=\"\" width=\"145\" height=\"193\" \/>DSGVO-konform[\/vc_column_text][\/vc_column][\/vc_row][\/vc_section][vc_row][vc_column][vc_empty_space height=&#8220;30px&#8220;][vc_text_separator title=&#8220;Freischaltung von Kurzzeitparkern und Dauerparkern&#8220; color=&#8220;blue&#8220; border_width=&#8220;2&#8243; el_class=&#8220;trennline no-bottom&#8220;][vc_custom_heading text=&#8220;per Knopfdruck&#8220; font_container=&#8220;tag:h4|text_align:center|color:%23283c82|line_height:20px&#8220; google_fonts=&#8220;font_family:Days%20One%3Aregular|font_style:400%20regular%3A400%3Anormal&#8220;][vc_empty_space height=&#8220;20px&#8220;][\/vc_column][\/vc_row][vc_section content_placement=&#8220;middle&#8220; css=&#8220;.vc_custom_1615383656444{margin-right: 3% !important;margin-left: 3% !important;}&#8220;][vc_row content_placement=&#8220;middle&#8220; css=&#8220;.vc_custom_1615383618100{margin-right: 3% !important;margin-left: 3% !important;}&#8220;][vc_column width=&#8220;1\/2&#8243; el_class=&#8220;flex-dpm&#8220; offset=&#8220;vc_hidden-md vc_hidden-sm vc_hidden-xs&#8220;][vc_column_text]\n<ul>\n<li>Self-Service f\u00fcr Parkberechtigungen<\/li>\n<li>Freischaltung als Webanwendung auf jedem mobilen Endger\u00e4t (z.B. Computer, Tablet, Smartphone)<\/li>\n<li>Volle Kontrolle \u00fcber die Fl\u00e4chenverwaltung in Ihren H\u00e4nden<\/li>\n<\/ul>\n[\/vc_column_text][\/vc_column][vc_column width=&#8220;1\/2&#8243; offset=&#8220;vc_hidden-md vc_hidden-sm vc_hidden-xs&#8220;][vc_single_image image=&#8220;3133&#8243; img_size=&#8220;full&#8220; alignment=&#8220;center&#8220; el_class=&#8220;img-dpm&#8220;][\/vc_column][\/vc_row][vc_row][vc_column offset=&#8220;vc_hidden-lg&#8220;][vc_single_image image=&#8220;3133&#8243; img_size=&#8220;full&#8220; el_class=&#8220;img-dpm&#8220;][vc_column_text]\n<ul>\n<li>Self-Service f\u00fcr Parkberechtigungen<\/li>\n<li>Freischaltung als Webanwendung auf jedem mobilen Endger\u00e4t (z.B. Computer, Tablet, Smartphone)<\/li>\n<li>Volle Kontrolle \u00fcber die Fl\u00e4chenverwaltung in Ihren H\u00e4nden<\/li>\n<\/ul>\n[\/vc_column_text][\/vc_column][\/vc_row][\/vc_section][vc_row][vc_column][vc_empty_space height=&#8220;30px&#8220;][vc_text_separator title=&#8220;Beispiel Kurzzeitparker Freischaltung&#8220; color=&#8220;blue&#8220; border_width=&#8220;2&#8243; el_class=&#8220;trennline no-bottom&#8220;][vc_custom_heading text=&#8220;Einfach und digital&#8220; font_container=&#8220;tag:h4|text_align:center|color:%23283c82|line_height:20px&#8220; google_fonts=&#8220;font_family:Days%20One%3Aregular|font_style:400%20regular%3A400%3Anormal&#8220;][vc_empty_space height=&#8220;20px&#8220;][\/vc_column][\/vc_row][vc_section css=&#8220;.vc_custom_1615383664188{margin-right: 3% !important;margin-left: 3% !important;}&#8220;][vc_row content_placement=&#8220;middle&#8220;][vc_column width=&#8220;1\/2&#8243; el_class=&#8220;flex-dpm&#8220; offset=&#8220;vc_hidden-md vc_hidden-sm vc_hidden-xs&#8220;][vc_column_text]\n<ul>\n<li>Angabe von Kennzeichen und Freischaltdauer (z.B. 2 Stunden)<\/li>\n<li>\u00dcbersichtliche Auflistung der Freischaltungen auf Ihrer Fl\u00e4che<\/li>\n<li>Einfaches Hinzuf\u00fcgen neuer Kurzparker in Echtzeit<\/li>\n<\/ul>\n[\/vc_column_text][\/vc_column][vc_column width=&#8220;1\/2&#8243; offset=&#8220;vc_hidden-md vc_hidden-sm vc_hidden-xs&#8220;][vc_single_image image=&#8220;3135&#8243; img_size=&#8220;full&#8220; alignment=&#8220;center&#8220; el_class=&#8220;img-dpm&#8220;][\/vc_column][\/vc_row][vc_row][vc_column offset=&#8220;vc_hidden-lg&#8220;][vc_single_image image=&#8220;3135&#8243; img_size=&#8220;full&#8220; el_class=&#8220;img-dpm&#8220;][vc_column_text]\n<ul>\n<li>Angabe von Kennzeichen und Freischaltdauer (z.B. 2 Stunden)<\/li>\n<li>\u00dcbersichtliche Auflistung der Freischaltungen auf Ihrer Fl\u00e4che<\/li>\n<li>Einfaches Hinzuf\u00fcgen neuer Kurzparker in Echtzeit<\/li>\n<\/ul>\n[\/vc_column_text][\/vc_column][\/vc_row][\/vc_section][vc_row][vc_column][vc_empty_space height=&#8220;30px&#8220;][vc_text_separator title=&#8220;Beispiel Dauerparker Freischaltung&#8220; color=&#8220;blue&#8220; border_width=&#8220;2&#8243; el_class=&#8220;trennline no-bottom&#8220;][vc_custom_heading text=&#8220;Einfach und digital&#8220; font_container=&#8220;tag:h4|text_align:center|color:%23283c82|line_height:20px&#8220; google_fonts=&#8220;font_family:Days%20One%3Aregular|font_style:400%20regular%3A400%3Anormal&#8220;][vc_empty_space height=&#8220;20px&#8220;][\/vc_column][\/vc_row][vc_section css=&#8220;.vc_custom_1615383671007{margin-right: 3% !important;margin-left: 3% !important;}&#8220;][vc_row content_placement=&#8220;middle&#8220;][vc_column width=&#8220;1\/2&#8243; el_class=&#8220;flex-dpm&#8220; offset=&#8220;vc_hidden-md vc_hidden-sm vc_hidden-xs&#8220;][vc_column_text]\n<ul>\n<li>Angabe von Kennzeichen und Name<\/li>\n<li>\u00dcbersichtliche Auflistung der eingetragenen Dauerparker auf Ihrer Fl\u00e4che<\/li>\n<li>Einfaches Hinzuf\u00fcgen neuer Dauerparker<\/li>\n<\/ul>\n[\/vc_column_text][\/vc_column][vc_column width=&#8220;1\/2&#8243; offset=&#8220;vc_hidden-md vc_hidden-sm vc_hidden-xs&#8220;][vc_single_image image=&#8220;3151&#8243; img_size=&#8220;full&#8220; alignment=&#8220;center&#8220; el_class=&#8220;img-dpm&#8220;][\/vc_column][\/vc_row][vc_row][vc_column offset=&#8220;vc_hidden-lg&#8220;][vc_single_image image=&#8220;3151&#8243; img_size=&#8220;full&#8220; el_class=&#8220;img-dpm&#8220;][vc_column_text]\n<ul>\n<li>Angabe von Kennzeichen und Name<\/li>\n<li>\u00dcbersichtliche Auflistung der eingetragenen Dauerparker auf Ihrer Fl\u00e4che<\/li>\n<li>Einfaches Hinzuf\u00fcgen neuer Dauerparker<\/li>\n<\/ul>\n[\/vc_column_text][\/vc_column][\/vc_row][\/vc_section][vc_row][vc_column][vc_empty_space height=&#8220;30px&#8220;][vc_text_separator title=&#8220;Erschlie\u00dfung neuer Ums\u00e4tze durch Bewirtschaftung&#8220; color=&#8220;blue&#8220; border_width=&#8220;2&#8243; el_class=&#8220;trennline no-bottom&#8220;][vc_custom_heading text=&#8220;Au\u00dferhalb der Gesch\u00e4ftszeiten&#8220; font_container=&#8220;tag:h4|text_align:center|color:%23283c82|line_height:20px&#8220; google_fonts=&#8220;font_family:Days%20One%3Aregular|font_style:400%20regular%3A400%3Anormal&#8220;][vc_empty_space height=&#8220;20px&#8220;][\/vc_column][\/vc_row][vc_section css=&#8220;.vc_custom_1615383678837{margin-right: 3% !important;margin-left: 3% !important;}&#8220;][vc_row content_placement=&#8220;middle&#8220;][vc_column width=&#8220;1\/2&#8243; el_class=&#8220;flex-dpm&#8220; offset=&#8220;vc_hidden-md vc_hidden-sm vc_hidden-xs&#8220;][vc_column_text]\n<ul>\n<li>\u00d6ffnung Ihrer Parkfl\u00e4chen f\u00fcr Kurzzeit- und Dauerparker (z.B. Nacht-Anwohnerparken)<\/li>\n<li>Einbindung etablierter On-Street Apps zur Bezahlung der Geb\u00fchren1 kein Kassenautomat notwendig<\/li>\n<li>Volle Transparenz und Kontrolle \u00fcber Ihre Parkfl\u00e4che<\/li>\n<\/ul>\n[\/vc_column_text][\/vc_column][vc_column width=&#8220;1\/2&#8243; offset=&#8220;vc_hidden-md vc_hidden-sm vc_hidden-xs&#8220;][vc_single_image image=&#8220;3152&#8243; img_size=&#8220;full&#8220; alignment=&#8220;center&#8220; el_class=&#8220;img-dpm&#8220;][\/vc_column][\/vc_row][vc_row][vc_column offset=&#8220;vc_hidden-lg&#8220;][vc_single_image image=&#8220;3152&#8243; img_size=&#8220;full&#8220; el_class=&#8220;img-dpm&#8220;][vc_column_text]\n<ul>\n<li>\u00d6ffnung Ihrer Parkfl\u00e4chen f\u00fcr Kurzzeit- und Dauerparker (z.B. Nacht-Anwohnerparken)<\/li>\n<li>Einbindung etablierter On-Street Apps zur Bezahlung der Geb\u00fchren1 kein Kassenautomat notwendig<\/li>\n<li>Volle Transparenz und Kontrolle \u00fcber Ihre Parkfl\u00e4che<\/li>\n<\/ul>\n[\/vc_column_text][\/vc_column][\/vc_row][\/vc_section][vc_row][vc_column][vc_empty_space height=&#8220;30px&#8220;][vc_text_separator title=&#8220;100% Datenschutz&#8220; color=&#8220;blue&#8220; border_width=&#8220;2&#8243; el_class=&#8220;trennline no-bottom&#8220;][vc_custom_heading text=&#8220;nach DSGVO&#8220; font_container=&#8220;tag:h4|text_align:center|color:%23283c82|line_height:20px&#8220; google_fonts=&#8220;font_family:Days%20One%3Aregular|font_style:400%20regular%3A400%3Anormal&#8220;][vc_empty_space height=&#8220;20px&#8220;][\/vc_column][\/vc_row][vc_section css=&#8220;.vc_custom_1615383686735{margin-right: 3% !important;margin-left: 3% !important;}&#8220;][vc_row content_placement=&#8220;middle&#8220;][vc_column width=&#8220;1\/2&#8243; el_class=&#8220;flex-dpm&#8220; offset=&#8220;vc_hidden-md vc_hidden-sm vc_hidden-xs&#8220;][vc_column_text]<img loading=\"lazy\" decoding=\"async\" class=\"icon-dpm alignnone wp-image-3115 size-full lazyload\" src=\"data:image\/gif;base64,R0lGODlhAQABAAAAACH5BAEKAAEALAAAAAABAAEAAAICTAEAOw==\" data-src=\"https:\/\/parkraum.de\/2024\/wp-content\/uploads\/2021\/03\/dpm-kennzeichen.png\" alt=\"\" width=\"145\" height=\"65\" \/>Lokale Erkennungssoftware ohne Videoaufnahme1 keine Erfassung von \u00f6ffentlichem Grund<\/p>\n<p><img loading=\"lazy\" decoding=\"async\" class=\"icon-dpm alignnone wp-image-3154 size-full lazyload\" src=\"data:image\/gif;base64,R0lGODlhAQABAAAAACH5BAEKAAEALAAAAAABAAEAAAICTAEAOw==\" data-src=\"https:\/\/parkraum.de\/2024\/wp-content\/uploads\/2021\/03\/dpm-netzwerk.png\" alt=\"\" width=\"131\" height=\"131\" \/>DSGVO-konforme L\u00f6schung der Daten<\/p>\n<p><img loading=\"lazy\" decoding=\"async\" class=\"icon-dpm alignnone wp-image-3153 size-full lazyload\" src=\"data:image\/gif;base64,R0lGODlhAQABAAAAACH5BAEKAAEALAAAAAABAAEAAAICTAEAOw==\" data-src=\"https:\/\/parkraum.de\/2024\/wp-content\/uploads\/2021\/03\/dpm-parkzeit.png\" alt=\"\" width=\"136\" height=\"153\" \/>Abfrage von Kennzeichendaten nur bei \u00dcberschreitung der Parkzeit<\/p>\n<p><img loading=\"lazy\" decoding=\"async\" class=\"icon-dpm alignnone wp-image-3155 size-full lazyload\" src=\"data:image\/gif;base64,R0lGODlhAQABAAAAACH5BAEKAAEALAAAAAABAAEAAAICTAEAOw==\" data-src=\"https:\/\/parkraum.de\/2024\/wp-content\/uploads\/2021\/03\/dpm-schutz.png\" alt=\"\" width=\"140\" height=\"145\" \/>Deutsches Rechenzentrum[\/vc_column_text][\/vc_column][vc_column width=&#8220;1\/2&#8243; offset=&#8220;vc_hidden-md vc_hidden-sm vc_hidden-xs&#8220;][vc_single_image image=&#8220;3156&#8243; img_size=&#8220;full&#8220; alignment=&#8220;center&#8220; el_class=&#8220;img-dpm&#8220;][\/vc_column][\/vc_row][vc_row][vc_column offset=&#8220;vc_hidden-lg&#8220;][vc_single_image image=&#8220;3156&#8243; img_size=&#8220;full&#8220; el_class=&#8220;img-dpm&#8220;][vc_column_text]<img loading=\"lazy\" decoding=\"async\" class=\"icon-dpm alignnone wp-image-3115 size-full lazyload\" src=\"data:image\/gif;base64,R0lGODlhAQABAAAAACH5BAEKAAEALAAAAAABAAEAAAICTAEAOw==\" data-src=\"https:\/\/parkraum.de\/2024\/wp-content\/uploads\/2021\/03\/dpm-kennzeichen.png\" alt=\"\" width=\"145\" height=\"65\" \/>Lokale Erkennungssoftware ohne Videoaufnahme1 keine Erfassung von \u00f6ffentlichem Grund<\/p>\n<p><img loading=\"lazy\" decoding=\"async\" class=\"icon-dpm alignnone wp-image-3154 size-full lazyload\" src=\"data:image\/gif;base64,R0lGODlhAQABAAAAACH5BAEKAAEALAAAAAABAAEAAAICTAEAOw==\" data-src=\"https:\/\/parkraum.de\/2024\/wp-content\/uploads\/2021\/03\/dpm-netzwerk.png\" alt=\"\" width=\"131\" height=\"131\" \/>DSGVO-konforme L\u00f6schung der Daten<\/p>\n<p><img loading=\"lazy\" decoding=\"async\" class=\"icon-dpm alignnone wp-image-3153 size-full lazyload\" src=\"data:image\/gif;base64,R0lGODlhAQABAAAAACH5BAEKAAEALAAAAAABAAEAAAICTAEAOw==\" data-src=\"https:\/\/parkraum.de\/2024\/wp-content\/uploads\/2021\/03\/dpm-parkzeit.png\" alt=\"\" width=\"136\" height=\"153\" \/>Abfrage von Kennzeichendaten nur bei \u00dcberschreitung der Parkzeit<\/p>\n<p><img loading=\"lazy\" decoding=\"async\" class=\"icon-dpm alignnone wp-image-3155 size-full lazyload\" src=\"data:image\/gif;base64,R0lGODlhAQABAAAAACH5BAEKAAEALAAAAAABAAEAAAICTAEAOw==\" data-src=\"https:\/\/parkraum.de\/2024\/wp-content\/uploads\/2021\/03\/dpm-schutz.png\" alt=\"\" width=\"140\" height=\"145\" \/>Deutsches Rechenzentrum[\/vc_column_text][\/vc_column][\/vc_row][\/vc_section]\n<\/section>","protected":false},"excerpt":{"rendered":"<p>[vc_row thb_full_width=&#8220;true&#8220; content_placement=&#8220;middle&#8220; parallax=&#8220;content-moving&#8220; parallax_image=&#8220;3081&#8243; css=&#8220;.vc_custom_1615377147273{background-position: center;background-repeat: no-repeat !important;background-size: cover !important;}&#8220; el_id=&#8220;start-dpm&#8220;][vc_column][vc_empty_space height=&#8220;15px&#8220;][vc_custom_heading text=&#8220;DIGITALES PARKRAUMMANAGEMENT&#8220; font_container=&#8220;tag:h2|font_size:40px|text_align:center|color:%23ffffff&#8220; google_fonts=&#8220;font_family:Days%20One%3Aregular|font_style:400%20regular%3A400%3Anormal&#8220; el_class=&#8220;shadow&#8220;][vc_custom_heading text=&#8220;MIT OPTISCHER SENSORIK&#8220; font_container=&#8220;tag:h4|text_align:center|color:%23ffffff&#8220; google_fonts=&#8220;font_family:Days%20One%3Aregular|font_style:400%20regular%3A400%3Anormal&#8220; el_class=&#8220;shadow&#8220;][\/vc_column][\/vc_row][vc_row][vc_column][vc_empty_space height=&#8220;30px&#8220;][vc_text_separator title=&#8220;Digitale Kontrolle ohne Parkscheibe&#8220; color=&#8220;blue&#8220; border_width=&#8220;2&#8243; el_class=&#8220;trennline no-bottom&#8220;][vc_custom_heading text=&#8220;Faire Parkplatzkontrolle &amp; Transparenz&#8220; font_container=&#8220;tag:h4|text_align:center|color:%23283c82|line_height:20px&#8220; google_fonts=&#8220;font_family:Days%20One%3Aregular|font_style:400%20regular%3A400%3Anormal&#8220;][vc_empty_space height=&#8220;20px&#8220;][\/vc_column][\/vc_row][vc_section css=&#8220;.vc_custom_1615383646246{margin-right: 3% !important;margin-left: 3% !important;}&#8220;][vc_row][vc_column width=&#8220;1\/2&#8243; el_class=&#8220;flex-dpm&#8220; offset=&#8220;vc_hidden-md vc_hidden-sm vc_hidden-xs&#8220;][vc_column_text]Kennzeichenerkennung an Ein- und Ausfahrten: Faire&hellip;<\/p>\n","protected":false},"author":6,"featured_media":0,"parent":0,"menu_order":0,"comment_status":"closed","ping_status":"closed","template":"","meta":{"_acf_changed":false,"footnotes":""},"class_list":["post-3065","page","type-page","status-publish","hentry"],"acf":[],"_links":{"self":[{"href":"https:\/\/parkraum.de\/2024\/wp-json\/wp\/v2\/pages\/3065"}],"collection":[{"href":"https:\/\/parkraum.de\/2024\/wp-json\/wp\/v2\/pages"}],"about":[{"href":"https:\/\/parkraum.de\/2024\/wp-json\/wp\/v2\/types\/page"}],"author":[{"embeddable":true,"href":"https:\/\/parkraum.de\/2024\/wp-json\/wp\/v2\/users\/6"}],"replies":[{"embeddable":true,"href":"https:\/\/parkraum.de\/2024\/wp-json\/wp\/v2\/comments?post=3065"}],"version-history":[{"count":45,"href":"https:\/\/parkraum.de\/2024\/wp-json\/wp\/v2\/pages\/3065\/revisions"}],"predecessor-version":[{"id":3676,"href":"https:\/\/parkraum.de\/2024\/wp-json\/wp\/v2\/pages\/3065\/revisions\/3676"}],"wp:attachment":[{"href":"https:\/\/parkraum.de\/2024\/wp-json\/wp\/v2\/media?parent=3065"}],"curies":[{"name":"wp","href":"https:\/\/api.w.org\/{rel}","templated":true}]}}